{"id":637,"date":"2024-07-20T21:39:09","date_gmt":"2024-07-20T21:39:09","guid":{"rendered":"http:\/\/vsg01.local\/?page_id=637"},"modified":"2026-04-13T19:01:53","modified_gmt":"2026-04-13T18:01:53","slug":"verein","status":"publish","type":"page","link":"https:\/\/www.vsg-altglienicke.de\/fussball\/verein\/","title":{"rendered":"Verein"},"content":{"rendered":"\t\t<div data-elementor-type=\"wp-page\" data-elementor-id=\"637\" class=\"elementor elementor-637\" data-elementor-post-type=\"page\">\n\t\t\t\t<div class=\"elementor-element elementor-element-2861eb e-con-full e-flex e-con e-parent\" data-id=\"2861eb\" data-element_type=\"container\">\n\t\t<div class=\"elementor-element elementor-element-40650eb2 e-con-full e-flex e-con e-child\" data-id=\"40650eb2\" data-element_type=\"container\">\n\t\t\t\t<div class=\"elementor-element elementor-element-1d87dbf elementor-widget elementor-widget-heading\" data-id=\"1d87dbf\" data-element_type=\"widget\" data-widget_type=\"heading.default\">\n\t\t\t\t<div class=\"elementor-widget-container\">\n\t\t\t<h1 class=\"elementor-heading-title elementor-size-default\">Die VSG<\/h1>\t\t<\/div>\n\t\t\t\t<\/div>\n\t\t\t\t<div class=\"elementor-element elementor-element-e08b8a4 elementor-widget elementor-widget-spacer\" data-id=\"e08b8a4\" data-element_type=\"widget\" data-widget_type=\"spacer.default\">\n\t\t\t\t<div class=\"elementor-widget-container\">\n\t\t\t\t\t<div class=\"elementor-spacer\">\n\t\t\t<div class=\"elementor-spacer-inner\"><\/div>\n\t\t<\/div>\n\t\t\t\t<\/div>\n\t\t\t\t<\/div>\n\t\t\t\t<\/div>\n\t\t\t\t<\/div>\n\t\t<div class=\"elementor-element elementor-element-ecece04 e-con-full e-flex e-con e-parent\" data-id=\"ecece04\" data-element_type=\"container\">\n\t\t<div class=\"elementor-element elementor-element-f717392 e-flex e-con-boxed e-con e-child\" data-id=\"f717392\" data-element_type=\"container\">\n\t\t\t\t\t<div class=\"e-con-inner\">\n\t\t\t\t<div class=\"elementor-element elementor-element-38b9bc0 elementor-widget elementor-widget-spacer\" data-id=\"38b9bc0\" data-element_type=\"widget\" data-widget_type=\"spacer.default\">\n\t\t\t\t<div class=\"elementor-widget-container\">\n\t\t\t\t\t<div class=\"elementor-spacer\">\n\t\t\t<div class=\"elementor-spacer-inner\"><\/div>\n\t\t<\/div>\n\t\t\t\t<\/div>\n\t\t\t\t<\/div>\n\t\t\t\t<div class=\"elementor-element elementor-element-e140db7 elementor-widget elementor-widget-menu-anchor\" data-id=\"e140db7\" data-element_type=\"widget\" data-widget_type=\"menu-anchor.default\">\n\t\t\t\t<div class=\"elementor-widget-container\">\n\t\t\t\t\t<div class=\"elementor-menu-anchor\" id=\"daten-fakten\"><\/div>\n\t\t\t\t<\/div>\n\t\t\t\t<\/div>\n\t\t\t\t<div class=\"elementor-element elementor-element-de42fa1 elementor-widget elementor-widget-heading\" data-id=\"de42fa1\" data-element_type=\"widget\" data-widget_type=\"heading.default\">\n\t\t\t\t<div class=\"elementor-widget-container\">\n\t\t\t<h2 class=\"elementor-heading-title elementor-size-default\">Daten und Fakten<\/h2>\t\t<\/div>\n\t\t\t\t<\/div>\n\t\t\t\t<div class=\"elementor-element elementor-element-65c313f elementor-widget elementor-widget-text-editor\" data-id=\"65c313f\" data-element_type=\"widget\" data-widget_type=\"text-editor.default\">\n\t\t\t\t<div class=\"elementor-widget-container\">\n\t\t\t\t\t\t\t<p class=\"bodytext\"><b>Vereinsname<br \/><\/b>VSG Altglienicke<\/p><p class=\"bodytext\"><b>Offizieller Vereinsname laut Satzung<br \/><\/b><strong>V<\/strong>olkssport <strong>G<\/strong>emeinschaft <strong>A<\/strong>ltglienicke e.V.<\/p><p class=\"bodytext\"><b>Gr\u00fcndungsdatum<br \/><\/b>01.01.1946 als Mehrspartenverein im Rahmen des kommunalen Sports<\/p><p>01.04.1949 Altglienicker Sport Verein;<br \/>01.07.1952 VSG Altglienicke,<br \/>27.01.1992 VSG Altglienicke e.V.<\/p><p class=\"bodytext\"><b>Vereinsfarben<br \/><\/b>Blau-Wei\u00df<\/p><p class=\"bodytext\"><b>Mitglieder<br \/><\/b>Gesamt-Verein 1.100 | Fu\u00dfball-Abteilung: 550 (Stand: Dezember 2022)<br \/><br \/><strong><span style=\"text-decoration: underline;\">Erfolge<\/span>:<\/strong><\/p><p class=\"bodytext\"><b>Meister Oberliga Nordost, Staffel Nord (1)<\/b><br \/>2017<\/p><p class=\"bodytext\"><b>Berliner Meister (2)<\/b><br \/>2012, 2016<\/p><p class=\"bodytext\"><b>Berliner Pokalsieger (1)<\/b><br \/>2020<\/p>\t\t\t\t\t\t<\/div>\n\t\t\t\t<\/div>\n\t\t\t\t\t<\/div>\n\t\t\t\t<\/div>\n\t\t<div class=\"elementor-element elementor-element-64bdf54 e-flex e-con-boxed e-con e-child\" data-id=\"64bdf54\" data-element_type=\"container\">\n\t\t\t\t\t<div class=\"e-con-inner\">\n\t\t\t\t<div class=\"elementor-element elementor-element-9c28515 elementor-widget elementor-widget-spacer\" data-id=\"9c28515\" data-element_type=\"widget\" data-widget_type=\"spacer.default\">\n\t\t\t\t<div class=\"elementor-widget-container\">\n\t\t\t\t\t<div class=\"elementor-spacer\">\n\t\t\t<div class=\"elementor-spacer-inner\"><\/div>\n\t\t<\/div>\n\t\t\t\t<\/div>\n\t\t\t\t<\/div>\n\t\t\t\t<div class=\"elementor-element elementor-element-bd0ba71 elementor-widget elementor-widget-menu-anchor\" data-id=\"bd0ba71\" data-element_type=\"widget\" data-widget_type=\"menu-anchor.default\">\n\t\t\t\t<div class=\"elementor-widget-container\">\n\t\t\t\t\t<div class=\"elementor-menu-anchor\" id=\"historie\"><\/div>\n\t\t\t\t<\/div>\n\t\t\t\t<\/div>\n\t\t\t\t<div class=\"elementor-element elementor-element-88263a2 elementor-widget elementor-widget-heading\" data-id=\"88263a2\" data-element_type=\"widget\" data-widget_type=\"heading.default\">\n\t\t\t\t<div class=\"elementor-widget-container\">\n\t\t\t<h2 class=\"elementor-heading-title elementor-size-default\">Historie<\/h2>\t\t<\/div>\n\t\t\t\t<\/div>\n\t\t\t\t<div class=\"elementor-element elementor-element-375ed1c elementor-widget elementor-widget-text-editor\" data-id=\"375ed1c\" data-element_type=\"widget\" data-widget_type=\"text-editor.default\">\n\t\t\t\t<div class=\"elementor-widget-container\">\n\t\t\t\t\t\t\t<p><strong>1883 bis 1945<\/strong><\/p><p>Die Geschichte des organisierten Altglienicker Sports begann 1883 mit der Gr\u00fcndung des b\u00fcrgerlichen Turn- und Gymnastikvereins MTV Spie\u00df Altglienicke. 1906 gr\u00fcndete sich der BSC Freiheit 06, der im Rahmen des Arbeitersports eine Fu\u00dfballsparte hatte. 1909 gr\u00fcndeten sich mit dem SC Jugendlust 09 sowie mit dem Altglienicker Ballspielclub 09 weitere Vereine mit Fu\u00dfballsparten. Der Altglienicker Ballspielclub 09 war ein reiner Fu\u00dfballverein, der ab 1911 am Wettspielbetrieb des V.B.B. teilnahm (DFB-Unterverband f\u00fcr Berlin-Brandenburg). Die Arbeitersportvereine vereinigten sich 1914 zur Turn- und Sportvereinigung Altglienicke 06 und f\u00fchrten ab 1919 einen regelm\u00e4\u00dfigen Punktspielbetrieb im Rahmen der M\u00e4rkischen Spielvereinigung durch. Die TuSV Altglienicke 06 besa\u00df auch Turner und Gymnastikfrauen, Schwerathleten und ab ca. 1922 Handballer. 1933 wurde die TuSV Altglienicke 06 aufgel\u00f6st. Die Handballer schlossen sich nach der Aufl\u00f6sung der TuSV dem MTV Spie\u00df Altglienicke an. 1945 wurden der MTV Spie\u00df Altglienicke sowie der Altglienicker BC 09 wie alle anderen Vereine in Deutschland durch Kontrollratsbeschluss aufgel\u00f6st.<\/p><p><strong>1945-1960<\/strong><\/p><p>Bereits unmittelbar nach Beendigung des 2.Weltkrieges versammelten sich die Altglienicker Sportler, um den Sport in Altglienicke wieder zu aktivieren. Organisierter Sport war ab diesem Zeitpunkt nur auf kommunaler Ebene m\u00f6glich. Ab 01.01.1946 gliederten sich alle neu gebildeten Sportsparten der Sportgruppe Altglienicke an. Ab dem 01.04.1949 konnten sich wieder Vereine im Bereich Ostberlin bilden. Man gr\u00fcndete den Altglienicker Sportverein, dem die Sparten Fu\u00dfball, Handball, Turnen und Gymnastik, Tischtennis, Schach, Kegeln beitraten. Die Sparte Angeln trat nicht bei.<\/p><p>Die Sportf\u00fchrung der DDR versuchte ab 1949 alle Vereine an Betriebe anzugliedern. Im Oktober 1951 wurde seitens der BSG Chemie Adlershof versucht, eine Vereinigung mit dem Altglienicker Sportverein herbei zu f\u00fchren. Dieses wurde am 09.10.1951 durch den Vorstand des Altglienicker Sportvereins sowie durch die Sparten des ASV abgelehnt. Der Altglienicker Sportverein blieb dauerhaft ein privater Verein ohne Betriebsbindung.<\/p><p>1952 verbot die DDR-Sportf\u00fchrung die Bezeichnung \u201eVerein\u201c. Der Altglienicker Sportverein nannte sich nach langen Diskussionen \u00fcber den neuen Vereinsnamen am 1. Juli 1952 in \u201aVolkssport Gemeinschaft Altglienicke\u2018 um. Die Anfangsbuchstaben bildeten das neue Vereinssymbol V-G-A.<\/p><p>Die Fu\u00dfballer spielten ab 1946 zumeist in den unteren Spielklassen. Im Jahr 1958 stieg die VSG Altglienicke aus der Kreisklasse als Zweitplatzierter in die 1. Klasse auf. Im darauffolgenden Jahr gelang dann als Meister der 1. Klasse sogar der Aufstieg in die Stadtklasse, der damaligen zweith\u00f6chsten Ost-Berliner Spielklasse.<\/p><p><strong>1960 bis 1990<\/strong><\/p><p>In der Stadtklasse spielte man bis zur Saison 1964\/65. Nach dieser Saison ging es wieder zur\u00fcck in die 1. Kreisklasse. Der erneute Aufstieg in die Bezirksklasse (neuer Name f\u00fcr Stadtklasse) gelang erst wieder in der Saison 1969\/70. Die Bezirksklasse konnte aber nicht gehalten werden, so dass die VSG Altglienicke postwendet wieder abstiegt. Zwischen 1974 und 1982 wechselte die VSG Altglienicke mehrmals zwischen Bezirksklasse und 1.Kreisklasse. Erst mit der Spielzeit 1982\/83 konnte die Mannschaft dauerhaft die Zugeh\u00f6rigkeit zur Bezirksklasse sichern.<\/p><p>In der Saison 1988\/89 wurde der zweite Platz in der Bezirksklasse Staffel B erreicht, der zu zwei Aufstiegsspielen in die Bezirksliga \u2013 damals h\u00f6chste Berliner Spielklasse \u2013 berechtigte. In zwei spannenden Spielen konnte der Favorit BSG Einheit Pankow bezwungen werden. Das Hinspiel in Altglienicke wurde mit 3:1 gewonnen. Das R\u00fcckspiel in Pankow gewann die VSG mit 2:3.<\/p><p>Somit spielte die VSG Altglienicke erstmals in der Vereinsgeschichte in der Bezirksliga. In der Bezirksligasaison 1989\/90 wurde der 13. Platz erreicht, womit der Abstieg verhindert werden konnte. In der Folgesaison 1990\/91 wurde der 10. Platz in der Landesliga Ost erreicht.<\/p><p><strong>seit 1990<\/strong><\/p><p>Nach der deutschen Wiedervereinigung wurde die VSG Altglienicke ein eingetragener Verein. In einer au\u00dferordentlichen Hauptversammlung stimmte man \u00fcber den neuen Vereinsnamen ab. Der Vereinsname VSG Altglienicke wurde beibehalten. Die VSG Altglienicke e.V. bestand Anfang der 90er-Jahre aus den Abteilungen Fu\u00dfball, Handball, Gymnastik, Kegeln, Alterssport.<\/p><p>Die erste Saison der Fu\u00dfballer im gemeinsamen Gesamtberliner Spielbetrieb endete mit dem Abstieg aus der Landesliga in die Kreisliga A. Mit Platz acht in der Saison 1992\/93 wurde der Aufstieg in die neu geschaffene Bezirksliga (dritth\u00f6chste Berliner Spielklasse) geschafft. In der Saison 1994\/95 wurde der Wiederaufstieg in die Landesliga geschafft. Nach dem neunten Platz in der Landesliga der Saison 1995\/96 begann der sportliche Abstieg mit drei Abstiegen in vier Jahren. So spielte die VSG Altglienicke in der Saison 2000\/01 nur noch in der Kreisliga B. Erst mit dem Aufstieg 2003\/04 in die Kreisliga A begannen wieder bessere Zeiten f\u00fcr die VSG Altglienicke. Ab der Saison 2006\/07 spielte man in der Bezirksliga. 2009 stieg man in die Landesliga auf. Dort schaffte man im Sommer 2010 nach zwei Relegationsspielen den Aufstieg in die Berlin-Liga. In der Saison 2011\/12 wurde die VSG Altglienicke Erster in der Berlin-Liga und damit erstmalig Berliner Meister. Hiermit verbunden war der Aufstieg in die NOFV-Oberliga. Zum ersten Mal spielten die Fu\u00dfballer \u00fcberregional; H\u00f6hepunkt in der \u00fcber 100j\u00e4hrigen Geschichte der Fu\u00dfballer. Nach dem freiwilligen R\u00fcckzug aus der Oberliga im Jahr 2014 spielte man zwei Jahre in der Berlin-Liga. 2016 wurde man wiederum Berliner Meister und stieg in die NOFV-Oberliga auf.<\/p><p>Zusammen mit den ehemaligen Profispielern\u00a0Bj\u00f6rn Brunnemann\u00a0und\u00a0Torsten Mattuschka\u00a0konnte sich die VSG in der Oberliga bereits nach drei Spieltagen erstmals an die Tabellenspitze setzen. Im Verlaufe der Saison konkurrierte Altglienicke mit Ligakonkurrent\u00a0FSV Optik Rathenow\u00a0um die Tabellenspitze. Zu Saisonende sicherte sich die VSG mit einem 2:2 beim\u00a0SV Lichtenberg 47\u00a0und einem Punkt Vorsprung auf Optik die Meisterschaft. Damit spielt die VSG Altglienicke in der\u00a0Saison 2017\/18\u00a0erstmals in der Regionalliga Nordost. Da f\u00fcr diese Liga ihr Stadion nicht den Anforderungen des NOFV gen\u00fcgt, tr\u00e4gt der Verein seine Heimspiele seit dieser Saison im\u00a0Friedrich-Ludwig-Jahn-Sportpark\u00a0aus.<sup id=\"cite_ref-3\" class=\"reference\"><\/sup><\/p><p>Ebendort gelang in der Saison 2019\/20 der gr\u00f6\u00dfte Pokalerfolg der Vereinsgeschichte, indem am 22. August 2020 der\u00a0FC Viktoria 1889 Berlin\u00a0mit 6:0 besiegt und somit der\u00a0Berliner Landespokal gewonnen werden konnte.\u00a0<sup id=\"cite_ref-4\" class=\"reference\"><\/sup>Zudem konnte in der\u00a0Regionalligasaison 2019\/20\u00a0der 2. Platz erreicht werden. Dieser Tabellenplatz wurde mithilfe einer Quotientenregelung ermittelt, nachdem die Saison infolge der\u00a0COVID-19-Pandemie\u00a0abgebrochen worden war. Nach der \u201eunbereinigten\u201c Tabelle zum Zeitpunkt des Saisonabbruchs stand die VSG Altglienicke sogar aufgrund der besseren Tordifferenz \u2013 punktgleich mit dem\u00a01. FC Lokomotive Leipzig\u00a0\u2013 auf dem ersten Tabellenplatz. Altglienicke hatte jedoch ein Spiel mehr absolviert, sodass durch die Quotenregelung Lok Leipzig zum Tabellenersten gek\u00fcrt wurde.<\/p><p>In der Saison 2021\/22 erreichte Altglienicke erneut das Berliner Landespokalfinale, unterlag jedoch dieses Mal dem\u00a0FC Viktoria 1889 Berlin\u00a0mit 1:2 nach zwei Gegentoren in der Nachspielzeit.<\/p><p>Ergebnisse, Tabellen und Spielberichte von den Altglienicker Fu\u00dfballern findet man umfangreich unter \u201eChronik\u201c auf unserer VSG-Seite.<\/p>\t\t\t\t\t\t<\/div>\n\t\t\t\t<\/div>\n\t\t\t\t\t<\/div>\n\t\t\t\t<\/div>\n\t\t<div class=\"elementor-element elementor-element-66439d6 e-flex e-con-boxed e-con e-child\" data-id=\"66439d6\" data-element_type=\"container\">\n\t\t\t\t\t<div class=\"e-con-inner\">\n\t\t\t\t<div class=\"elementor-element elementor-element-89e4b33 elementor-widget elementor-widget-spacer\" data-id=\"89e4b33\" data-element_type=\"widget\" data-widget_type=\"spacer.default\">\n\t\t\t\t<div class=\"elementor-widget-container\">\n\t\t\t\t\t<div class=\"elementor-spacer\">\n\t\t\t<div class=\"elementor-spacer-inner\"><\/div>\n\t\t<\/div>\n\t\t\t\t<\/div>\n\t\t\t\t<\/div>\n\t\t\t\t<div class=\"elementor-element elementor-element-b6656cb elementor-widget elementor-widget-menu-anchor\" data-id=\"b6656cb\" data-element_type=\"widget\" data-widget_type=\"menu-anchor.default\">\n\t\t\t\t<div class=\"elementor-widget-container\">\n\t\t\t\t\t<div class=\"elementor-menu-anchor\" id=\"probetraining\"><\/div>\n\t\t\t\t<\/div>\n\t\t\t\t<\/div>\n\t\t\t\t<div class=\"elementor-element elementor-element-bc37340 elementor-widget elementor-widget-heading\" data-id=\"bc37340\" data-element_type=\"widget\" data-widget_type=\"heading.default\">\n\t\t\t\t<div class=\"elementor-widget-container\">\n\t\t\t<h2 class=\"elementor-heading-title elementor-size-default\">SICHTUNGStraining<\/h2>\t\t<\/div>\n\t\t\t\t<\/div>\n\t\t\t\t<div class=\"elementor-element elementor-element-ccabd3d elementor-alert-danger elementor-widget elementor-widget-alert\" data-id=\"ccabd3d\" data-element_type=\"widget\" data-widget_type=\"alert.default\">\n\t\t\t\t<div class=\"elementor-widget-container\">\n\t\t\t\t\t<div class=\"elementor-alert\" role=\"alert\">\n\n\t\t\t\t\t\t<span class=\"elementor-alert-title\">Sichtungstraining<\/span>\n\t\t\t\n\t\t\t\t\t\t<span class=\"elementor-alert-description\">Anmeldung zum Sichtungstraining des JG 2008 bis JG 2017 nur mit Vereinserfahrung m\u00f6glich!\nU19 I JG 2008-2009 \nU17 I JG 2010 \nU16 I JG 2011 \nU15 I JG 2012 \nU14 I JG 2013\nU13 I JG 2014 \nU12 I JG 2015 \nU11 I JG 2016\nU10 I JG 2017\n\nR\u00fcckmeldung der verantwortlichen Trainerteams erfolgt zeitnah.\nNur mit Anmeldung & Info an den aktuellen Verein \u2013 Sichtungstraining m\u00f6glich.\nR\u00fcckmeldung zur Anmeldung Probezeit der JG 2018 bis JG 2020 erfolgt nach Pr\u00fcfung von freien Pl\u00e4tzen, bis dahin Platzierung auf der Warteliste.\n<\/span>\n\t\t\t\n\t\t\t\n\t\t<\/div>\n\t\t\t\t<\/div>\n\t\t\t\t<\/div>\n\t\t\t\t<div class=\"elementor-element elementor-element-3711c83 elementor-button-align-stretch elementor-widget elementor-widget-form\" data-id=\"3711c83\" data-element_type=\"widget\" data-settings=\"{&quot;step_next_label&quot;:&quot;N\\u00e4chster&quot;,&quot;step_previous_label&quot;:&quot;Voriger&quot;,&quot;button_width&quot;:&quot;100&quot;,&quot;step_type&quot;:&quot;number_text&quot;,&quot;step_icon_shape&quot;:&quot;circle&quot;}\" data-widget_type=\"form.default\">\n\t\t\t\t<div class=\"elementor-widget-container\">\n\t\t\t\t\t<form class=\"elementor-form\" method=\"post\" name=\"Neues Formular\">\n\t\t\t<input type=\"hidden\" name=\"post_id\" value=\"637\"\/>\n\t\t\t<input type=\"hidden\" name=\"form_id\" value=\"3711c83\"\/>\n\t\t\t<input type=\"hidden\" name=\"referer_title\" value=\"\" \/>\n\n\t\t\t\n\t\t\t<div class=\"elementor-form-fields-wrapper elementor-labels-above\">\n\t\t\t\t\t\t\t\t<div class=\"elementor-field-type-text elementor-field-group elementor-column elementor-field-group-name elementor-col-100 elementor-field-required\">\n\t\t\t\t\t\t\t\t\t\t\t\t<label for=\"form-field-name\" class=\"elementor-field-label\">\n\t\t\t\t\t\t\t\tNachname\t\t\t\t\t\t\t<\/label>\n\t\t\t\t\t\t\t\t\t\t\t\t\t\t<input size=\"1\" type=\"text\" name=\"form_fields[name]\" id=\"form-field-name\" class=\"elementor-field elementor-size-sm  elementor-field-textual\" placeholder=\"Name (Pflichtfeld)\" required=\"required\" aria-required=\"true\">\n\t\t\t\t\t\t\t\t\t\t\t<\/div>\n\t\t\t\t\t\t\t\t<div class=\"elementor-field-type-text elementor-field-group elementor-column elementor-field-group-field_b3b4362 elementor-col-100 elementor-field-required\">\n\t\t\t\t\t\t\t\t\t\t\t\t<label for=\"form-field-field_b3b4362\" class=\"elementor-field-label\">\n\t\t\t\t\t\t\t\tVorname\t\t\t\t\t\t\t<\/label>\n\t\t\t\t\t\t\t\t\t\t\t\t\t\t<input size=\"1\" type=\"text\" name=\"form_fields[field_b3b4362]\" id=\"form-field-field_b3b4362\" class=\"elementor-field elementor-size-sm  elementor-field-textual\" placeholder=\"Vorname (Pflichtfeld)\" required=\"required\" aria-required=\"true\">\n\t\t\t\t\t\t\t\t\t\t\t<\/div>\n\t\t\t\t\t\t\t\t<div class=\"elementor-field-type-email elementor-field-group elementor-column elementor-field-group-email elementor-col-100 elementor-field-required\">\n\t\t\t\t\t\t\t\t\t\t\t\t<label for=\"form-field-email\" class=\"elementor-field-label\">\n\t\t\t\t\t\t\t\tE-Mail (unter 18 Jahren Erziehungsberechtigte) \t\t\t\t\t\t\t<\/label>\n\t\t\t\t\t\t\t\t\t\t\t\t\t\t<input size=\"1\" type=\"email\" name=\"form_fields[email]\" id=\"form-field-email\" class=\"elementor-field elementor-size-sm  elementor-field-textual\" placeholder=\"E-Mail (unter 18 Jahren Erziehungsberechtigte) (Pflichtfeld)\" required=\"required\" aria-required=\"true\">\n\t\t\t\t\t\t\t\t\t\t\t<\/div>\n\t\t\t\t\t\t\t\t<div class=\"elementor-field-type-date elementor-field-group elementor-column elementor-field-group-field_0d4a9fa elementor-col-100 elementor-field-required\">\n\t\t\t\t\t\t\t\t\t\t\t\t<label for=\"form-field-field_0d4a9fa\" class=\"elementor-field-label\">\n\t\t\t\t\t\t\t\tGeburtsdatum\t\t\t\t\t\t\t<\/label>\n\t\t\t\t\t\t\n\t\t<input type=\"date\" name=\"form_fields[field_0d4a9fa]\" id=\"form-field-field_0d4a9fa\" class=\"elementor-field elementor-size-sm  elementor-field-textual elementor-date-field\" placeholder=\"Geburtsdatum (Pflichtfeld)\" required=\"required\" aria-required=\"true\" pattern=\"[0-9]{4}-[0-9]{2}-[0-9]{2}\">\n\t\t\t\t\t\t<\/div>\n\t\t\t\t\t\t\t\t<div class=\"elementor-field-type-tel elementor-field-group elementor-column elementor-field-group-field_1402ee9 elementor-col-100 elementor-field-required\">\n\t\t\t\t\t\t\t\t\t\t\t\t<label for=\"form-field-field_1402ee9\" class=\"elementor-field-label\">\n\t\t\t\t\t\t\t\tTelefonnummer (unter 18 Jahren ggf. Erziehungsberechtigte) \t\t\t\t\t\t\t<\/label>\n\t\t\t\t\t\t\t\t<input size=\"1\" type=\"tel\" name=\"form_fields[field_1402ee9]\" id=\"form-field-field_1402ee9\" class=\"elementor-field elementor-size-sm  elementor-field-textual\" placeholder=\"Telefonnummer (unter 18 Jahren ggf. Erziehungsberechtigte) (Pflichtfeld)\" required=\"required\" aria-required=\"true\" pattern=\"[0-9()#&amp;+*-=.]+\" title=\"Nur Nummern oder Telefon-Zeichen (#, -, *, etc) werden akzeptiert.\">\n\n\t\t\t\t\t\t<\/div>\n\t\t\t\t\t\t\t\t<div class=\"elementor-field-type-number elementor-field-group elementor-column elementor-field-group-field_d0f3756 elementor-col-100 elementor-field-required\">\n\t\t\t\t\t\t\t\t\t\t\t\t<label for=\"form-field-field_d0f3756\" class=\"elementor-field-label\">\n\t\t\t\t\t\t\t\tWohnort (PLZ)\t\t\t\t\t\t\t<\/label>\n\t\t\t\t\t\t\t\t\t<input type=\"number\" name=\"form_fields[field_d0f3756]\" id=\"form-field-field_d0f3756\" class=\"elementor-field elementor-size-sm  elementor-field-textual\" placeholder=\"Wohnort (PLZ) (Pflichtfeld)\" required=\"required\" aria-required=\"true\" min=\"10000\" max=\"19999\" >\n\t\t\t\t\t\t<\/div>\n\t\t\t\t\t\t\t\t<div class=\"elementor-field-type-text elementor-field-group elementor-column elementor-field-group-field_30e2800 elementor-col-100 elementor-field-required\">\n\t\t\t\t\t\t\t\t\t\t\t\t<label for=\"form-field-field_30e2800\" class=\"elementor-field-label\">\n\t\t\t\t\t\t\t\tAktueller Verein \/ Mannschaft\t\t\t\t\t\t\t<\/label>\n\t\t\t\t\t\t\t\t\t\t\t\t\t\t<input size=\"1\" type=\"text\" name=\"form_fields[field_30e2800]\" id=\"form-field-field_30e2800\" class=\"elementor-field elementor-size-sm  elementor-field-textual\" placeholder=\"Aktueller Verein\/Mannschaft (Pflichtfeld)\" required=\"required\" aria-required=\"true\">\n\t\t\t\t\t\t\t\t\t\t\t<\/div>\n\t\t\t\t\t\t\t\t<div class=\"elementor-field-type-radio elementor-field-group elementor-column elementor-field-group-field_8253ae9 elementor-col-100 elementor-field-required\">\n\t\t\t\t\t\t\t\t\t\t\t\t<label for=\"form-field-field_8253ae9\" class=\"elementor-field-label\">\n\t\t\t\t\t\t\t\tHiermit best\u00e4tige ich, dass bei einer Einladung zum Sichtungstraining, mein aktueller Verein \u00fcber die Teilnahme informiert wird oder wurde !\t\t\t\t\t\t\t<\/label>\n\t\t\t\t\t\t<div class=\"elementor-field-subgroup  elementor-subgroup-inline\"><span class=\"elementor-field-option\"><input type=\"radio\" value=\"JA\" id=\"form-field-field_8253ae9-0\" name=\"form_fields[field_8253ae9]\" required=\"required\" aria-required=\"true\"> <label for=\"form-field-field_8253ae9-0\">JA<\/label><\/span><span class=\"elementor-field-option\"><input type=\"radio\" value=\"NEIN\" id=\"form-field-field_8253ae9-1\" name=\"form_fields[field_8253ae9]\" required=\"required\" aria-required=\"true\"> <label for=\"form-field-field_8253ae9-1\">NEIN<\/label><\/span><\/div>\t\t\t\t<\/div>\n\t\t\t\t\t\t\t\t<div class=\"elementor-field-type-textarea elementor-field-group elementor-column elementor-field-group-message elementor-col-100\">\n\t\t\t\t\t\t\t\t\t\t\t\t<label for=\"form-field-message\" class=\"elementor-field-label\">\n\t\t\t\t\t\t\t\tBemerkung\t\t\t\t\t\t\t<\/label>\n\t\t\t\t\t\t<textarea class=\"elementor-field-textual elementor-field  elementor-size-sm\" name=\"form_fields[message]\" id=\"form-field-message\" rows=\"4\" placeholder=\"Bemerkung\"><\/textarea>\t\t\t\t<\/div>\n\t\t\t\t\t\t\t\t<div class=\"elementor-field-group elementor-column elementor-field-type-submit elementor-col-100 e-form__buttons\">\n\t\t\t\t\t<button class=\"elementor-button elementor-size-sm\" type=\"submit\">\n\t\t\t\t\t\t<span class=\"elementor-button-content-wrapper\">\n\t\t\t\t\t\t\t\t\t\t\t\t\t\t\t\t\t\t\t\t\t\t<span class=\"elementor-button-text\">Senden<\/span>\n\t\t\t\t\t\t\t\t\t\t\t\t\t<\/span>\n\t\t\t\t\t<\/button>\n\t\t\t\t<\/div>\n\t\t\t<\/div>\n\t\t<\/form>\n\t\t\t\t<\/div>\n\t\t\t\t<\/div>\n\t\t\t\t\t<\/div>\n\t\t\t\t<\/div>\n\t\t\t\t<\/div>\n\t\t\t\t<\/div>\n\t\t","protected":false},"excerpt":{"rendered":"<p>Die VSG Daten und Fakten VereinsnameVSG Altglienicke Offizieller Vereinsname laut SatzungVolkssport Gemeinschaft Altglienicke e.V. Gr\u00fcndungsdatum01.01.1946 als Mehrspartenverein im Rahmen des kommunalen Sports 01.04.1949 Altglienicker Sport Verein;01.07.1952 VSG Altglienicke,27.01.1992 VSG Altglienicke e.V. VereinsfarbenBlau-Wei\u00df MitgliederGesamt-Verein 1.100 | Fu\u00dfball-Abteilung: 550 (Stand: Dezember 2022) Erfolge: Meister Oberliga Nordost, Staffel Nord (1)2017 Berliner Meister (2)2012, 2016 Berliner Pokalsieger (1)2020 Historie [&hellip;]<\/p>\n","protected":false},"author":4,"featured_media":0,"parent":0,"menu_order":0,"comment_status":"closed","ping_status":"closed","template":"","meta":{"_acf_changed":false,"footnotes":""},"class_list":["post-637","page","type-page","status-publish","hentry"],"acf":[],"publishpress_future_action":{"enabled":false,"date":"2026-05-09 04:00:50","action":"change-status","newStatus":"draft","terms":[],"taxonomy":"","extraData":[]},"publishpress_future_workflow_manual_trigger":{"enabledWorkflows":[]},"_links":{"self":[{"href":"https:\/\/www.vsg-altglienicke.de\/fussball\/wp-json\/wp\/v2\/pages\/637","targetHints":{"allow":["GET"]}}],"collection":[{"href":"https:\/\/www.vsg-altglienicke.de\/fussball\/wp-json\/wp\/v2\/pages"}],"about":[{"href":"https:\/\/www.vsg-altglienicke.de\/fussball\/wp-json\/wp\/v2\/types\/page"}],"author":[{"embeddable":true,"href":"https:\/\/www.vsg-altglienicke.de\/fussball\/wp-json\/wp\/v2\/users\/4"}],"replies":[{"embeddable":true,"href":"https:\/\/www.vsg-altglienicke.de\/fussball\/wp-json\/wp\/v2\/comments?post=637"}],"version-history":[{"count":123,"href":"https:\/\/www.vsg-altglienicke.de\/fussball\/wp-json\/wp\/v2\/pages\/637\/revisions"}],"predecessor-version":[{"id":18419,"href":"https:\/\/www.vsg-altglienicke.de\/fussball\/wp-json\/wp\/v2\/pages\/637\/revisions\/18419"}],"wp:attachment":[{"href":"https:\/\/www.vsg-altglienicke.de\/fussball\/wp-json\/wp\/v2\/media?parent=637"}],"curies":[{"name":"wp","href":"https:\/\/api.w.org\/{rel}","templated":true}]}}