{"id":10,"date":"2018-04-11T13:50:59","date_gmt":"2018-04-11T11:50:59","guid":{"rendered":"http:\/\/www.vsg-altglienicke.de\/federball\/?page_id=10"},"modified":"2025-10-15T20:02:06","modified_gmt":"2025-10-15T18:02:06","slug":"downloads","status":"publish","type":"page","link":"https:\/\/www.vsg-altglienicke.de\/badminton\/downloads\/","title":{"rendered":"Downloads"},"content":{"rendered":"<div data-colibri-id=\"10-c1\" class=\"style-411 style-local-10-c1 position-relative\">\n  <!---->\n  <div data-colibri-component=\"section\" data-colibri-id=\"10-c2\" id=\"initial-content\" class=\"h-section h-section-global-spacing d-flex align-items-lg-center align-items-md-center align-items-center style-412 style-local-10-c2 position-relative\">\n    <!---->\n    <!---->\n    <div class=\"h-section-grid-container h-section-boxed-container\">\n      <!---->\n      <div data-colibri-id=\"10-c3\" class=\"h-row-container gutters-row-lg-2 gutters-row-md-2 gutters-row-0 gutters-row-v-lg-2 gutters-row-v-md-2 gutters-row-v-2 style-413 style-local-10-c3 position-relative\">\n        <!---->\n        <div class=\"h-row justify-content-lg-center justify-content-md-center justify-content-center align-items-lg-stretch align-items-md-stretch align-items-stretch gutters-col-lg-2 gutters-col-md-2 gutters-col-0 gutters-col-v-lg-2 gutters-col-v-md-2 gutters-col-v-2\">\n          <!---->\n          <div class=\"h-column h-column-container d-flex h-col-lg-auto h-col-md-auto h-col-auto style-414-outer style-local-10-c4-outer\">\n            <div data-colibri-id=\"10-c4\" class=\"d-flex h-flex-basis h-column__inner h-px-lg-2 h-px-md-2 h-px-2 v-inner-lg-2 v-inner-md-2 v-inner-2 style-414 style-local-10-c4 position-relative\">\n              <!---->\n              <!---->\n              <div class=\"w-100 h-y-container h-column__content h-column__v-align flex-basis-100 align-self-lg-center align-self-md-center align-self-center\">\n                <!---->\n                <div data-colibri-id=\"10-c5\" class=\"h-x-container style-416 style-local-10-c5 position-relative h-element\">\n                  <!---->\n                  <div class=\"h-x-container-inner style-dynamic-10-c5-group style-416-spacing style-local-10-c5-spacing\"><span class=\"h-link__outer style-417-outer style-local-10-c6-outer d-inline-flex h-element\"><a h-use-smooth-scroll=\"true\" href=\"https:\/\/www.vsg-altglienicke.de\/badminton\/wp-content\/uploads\/2025\/03\/Aufnahmeantrag-VSG-Altglienicke-e.-V.pdf\" target=\"_blank\" data-colibri-id=\"10-c6\" class=\"d-flex w-100 align-items-center h-link style-417 style-local-10-c6 position-relative\" rel=\"noopener\"><!----><!----> <span>Aufnahmeantrag f\u00fcr neue Mitglieder in die Abteilung Badminton<\/span><\/a>\n                    <\/span><span class=\"h-link__outer style-418-outer style-local-10-c7-outer d-inline-flex h-element\"><a h-use-smooth-scroll=\"true\" href=\"https:\/\/www.vsg-altglienicke.de\/badminton\/wp-content\/uploads\/2018\/04\/Austrittserkl%c3%a4rung-VSG-Altglienicke-Abt.-Badminton.pdf\" target=\"_blank\" data-colibri-id=\"10-c7\" class=\"d-flex w-100 align-items-center h-link style-418 style-local-10-c7 position-relative\" rel=\"noopener\"><!----><!----> <span>Austrittserkl\u00e4rung aus der VSG Altglienicke e.V. Abteilung Badminton &#8211; K\u00fcndigungsfrist betr\u00e4gt ein Monat zum Quartalsende.<\/span><\/a>\n                    <\/span>\n                  <\/div>\n                <\/div>\n              <\/div>\n            <\/div>\n          <\/div>\n        <\/div>\n      <\/div>\n      <div data-colibri-id=\"10-c8\" class=\"h-row-container gutters-row-lg-2 gutters-row-md-2 gutters-row-0 gutters-row-v-lg-2 gutters-row-v-md-2 gutters-row-v-2 style-811 style-local-10-c8 position-relative\">\n        <!---->\n        <div class=\"h-row justify-content-lg-center justify-content-md-center justify-content-center align-items-lg-stretch align-items-md-stretch align-items-stretch gutters-col-lg-2 gutters-col-md-2 gutters-col-0 gutters-col-v-lg-2 gutters-col-v-md-2 gutters-col-v-2\">\n          <!---->\n          <div class=\"h-column h-column-container d-flex h-col-lg-auto h-col-md-auto h-col-auto style-812-outer style-local-10-c9-outer\">\n            <div data-colibri-id=\"10-c9\" class=\"d-flex h-flex-basis h-column__inner h-px-lg-2 h-px-md-2 h-px-2 v-inner-lg-2 v-inner-md-2 v-inner-2 style-812 style-local-10-c9 position-relative\">\n              <!---->\n              <!---->\n              <div class=\"w-100 h-y-container h-column__content h-column__v-align flex-basis-100 align-self-lg-start align-self-md-start align-self-start\">\n                <!---->\n                <div data-colibri-id=\"10-c10\" class=\"h-x-container style-814 style-local-10-c10 position-relative h-element\">\n                  <!---->\n                  <div class=\"h-x-container-inner style-dynamic-10-c10-group style-814-spacing style-local-10-c10-spacing\"><span class=\"h-link__outer style-815-outer style-local-10-c11-outer d-inline-flex h-element\"><a h-use-smooth-scroll=\"true\" href=\"https:\/\/www.vsg-altglienicke.de\/badminton\/wp-content\/uploads\/2025\/10\/Beitragsordnung-Gebuehren_Badminton_.pdf\" target=\"_blank\" data-colibri-id=\"10-c11\" class=\"d-flex w-100 align-items-center h-link style-815 style-local-10-c11 position-relative\" rel=\"noopener\"><!----><!----> <span>Beitragsordnung Abteilung Badminton<\/span><\/a>\n                    <\/span>\n                  <\/div>\n                <\/div>\n              <\/div>\n            <\/div>\n          <\/div>\n        <\/div>\n      <\/div>\n      <div data-colibri-id=\"10-c12\" class=\"h-row-container gutters-row-lg-2 gutters-row-md-2 gutters-row-0 gutters-row-v-lg-2 gutters-row-v-md-2 gutters-row-v-2 style-419 style-local-10-c12 position-relative\">\n        <!---->\n        <div class=\"h-row justify-content-lg-center justify-content-md-center justify-content-center align-items-lg-stretch align-items-md-stretch align-items-stretch gutters-col-lg-2 gutters-col-md-2 gutters-col-0 gutters-col-v-lg-2 gutters-col-v-md-2 gutters-col-v-2\">\n          <!---->\n          <div class=\"h-column h-column-container d-flex h-col-lg-auto h-col-md-auto h-col-auto style-420-outer style-local-10-c13-outer\">\n            <div data-colibri-id=\"10-c13\" class=\"d-flex h-flex-basis h-column__inner h-px-lg-2 h-px-md-2 h-px-2 v-inner-lg-2 v-inner-md-2 v-inner-2 style-420 style-local-10-c13 position-relative\">\n              <!---->\n              <!---->\n              <div class=\"w-100 h-y-container h-column__content h-column__v-align flex-basis-100 align-self-lg-start align-self-md-start align-self-start\">\n                <!---->\n                <div data-colibri-id=\"10-c14\" class=\"h-x-container style-422 style-local-10-c14 position-relative h-element\">\n                  <!---->\n                  <div class=\"h-x-container-inner style-dynamic-10-c14-group style-422-spacing style-local-10-c14-spacing\"><span class=\"h-link__outer style-423-outer style-local-10-c15-outer d-inline-flex h-element\"><a h-use-smooth-scroll=\"true\" href=\"https:\/\/www.vsg-altglienicke.de\/vorstand13\/satzung.html\" target=\"_blank\" data-colibri-id=\"10-c15\" class=\"d-flex w-100 align-items-center h-link style-423 style-local-10-c15 position-relative\" rel=\"noopener\"><!----><!----> <span>Satzung der VSG Altglienicke e. V.<\/span><\/a>\n                    <\/span><span class=\"h-link__outer style-430-outer style-local-10-c16-outer d-inline-flex h-element\"><a h-use-smooth-scroll=\"true\" href=\"https:\/\/www.vsg-altglienicke.de\/impressumstartseite\/index.html\" target=\"_blank\" data-colibri-id=\"10-c16\" class=\"d-flex w-100 align-items-center h-link style-430 style-local-10-c16 position-relative\" rel=\"noopener\"><!----><!----> <span>Impressum der VSG Altglienicke e. V.<\/span><\/a>\n                    <\/span>\n                  <\/div>\n                <\/div>\n              <\/div>\n            <\/div>\n          <\/div>\n        <\/div>\n      <\/div>\n    <\/div>\n  <\/div>\n<\/div>","protected":false},"excerpt":{"rendered":"<p>Aufnahmeantrag f\u00fcr neue Mitglieder in die Abteilung Badminton Austrittserkl\u00e4rung aus der VSG Altglienicke e.V. Abteilung Badminton &#8211; K\u00fcndigungsfrist betr\u00e4gt ein Monat zum Quartalsende. Beitragsordnung Abteilung Badminton Satzung der VSG Altglienicke e. V. Impressum der VSG Altglienicke e. V.<\/p>\n","protected":false},"author":2,"featured_media":0,"parent":0,"menu_order":8,"comment_status":"closed","ping_status":"closed","template":"page-templates\/full-width-page.php","meta":{"footnotes":""},"_links":{"self":[{"href":"https:\/\/www.vsg-altglienicke.de\/badminton\/wp-json\/wp\/v2\/pages\/10"}],"collection":[{"href":"https:\/\/www.vsg-altglienicke.de\/badminton\/wp-json\/wp\/v2\/pages"}],"about":[{"href":"https:\/\/www.vsg-altglienicke.de\/badminton\/wp-json\/wp\/v2\/types\/page"}],"author":[{"embeddable":true,"href":"https:\/\/www.vsg-altglienicke.de\/badminton\/wp-json\/wp\/v2\/users\/2"}],"replies":[{"embeddable":true,"href":"https:\/\/www.vsg-altglienicke.de\/badminton\/wp-json\/wp\/v2\/comments?post=10"}],"version-history":[{"count":20,"href":"https:\/\/www.vsg-altglienicke.de\/badminton\/wp-json\/wp\/v2\/pages\/10\/revisions"}],"predecessor-version":[{"id":3736,"href":"https:\/\/www.vsg-altglienicke.de\/badminton\/wp-json\/wp\/v2\/pages\/10\/revisions\/3736"}],"wp:attachment":[{"href":"https:\/\/www.vsg-altglienicke.de\/badminton\/wp-json\/wp\/v2\/media?parent=10"}],"curies":[{"name":"wp","href":"https:\/\/api.w.org\/{rel}","templated":true}]}}